when 724242 is divided by 7544?
18
Calculate the remainder when 111125403 is divided by 26.
25
Calculate the remainder when 7674777 is divided by 45.
27
Calculate the remainder when 3300675 is divided by 56.
35
What is the remainder when 17689727 is divided by 259?
27
Calculate the remainder when 5319155 is divided by 13037.
59
Calculate the remainder when 830915 is divided by 830893.
22
What is the remainder when 2280631 is divided by 22?
1
Calculate the remainder when 10794 is divided by 521.
374
What is the remainder when 657793045 is divided by 2901?
2899
Calculate the remainder when 18129174 is divided by 105402.
30
Calculate the remainder when 12280375 is divided by 13660.
35
Calculate the remainder when 1027931 is divided by 513640.
651
What is the remainder when 189228 is divided by 470?
288
What is the remainder when 348848 is divided by 477?
161
What is the remainder when 270659962 is divided by 59?
58
What is the remainder when 1945355 is divided by 149?
11
What is the remainder when 8926966 is divided by 297565?
16
What is the remainder when 2094637 is divided by 639?
634
Calculate the remainder when 6211950 is divided by 120.
30
Calculate the remainder when 21628414 is divided by 32.
30
What is the remainder when 125619281 is divided by 5115?
5111
What is the remainder when 32122260 is divided by 32122260?
0
What is the remainder when 21611 is divided by 1743?
695
Calculate the remainder when 74786 is divided by 6160.
866
Calculate the remainder when 1485044 is divided by 1485018.
26
Calculate the remainder when 7737649 is divided by 496.
49
Calculate the remainder when 245269 is divided by 124.
121
What is the remainder when 1383032 is divided by 125729?
13
Calculate the remainder when 480020 is divided by 9758.
1878
Calculate the remainder when 233101 is divided by 25805.
856
Calculate the remainder when 268395 is divided by 89445.
60
What is the remainder when 62959 is divided by 20966?
61
Calculate the remainder when 37071756 is divided by 103.
99
Calculate the remainder when 1376773 is divided by 10.
3
Calculate the remainder when 13664467 is divided by 1342.
223
Calculate the remainder when 310304 is divided by 1651.
1567
What is the remainder when 2425888 is divided by 114?
82
What is the remainder when 124920 is divided by 674?
230
What is the remainder when 302333 is divided by 151?
31
Calculate the remainder when 146758 is divided by 680.
558
What is the remainder when 553523 is divided by 129?
113
What is the remainder when 730190 is divided by 4523?
1987
What is the remainder when 25734667 is divided by 23?
13
What is the remainder when 1106001 is divided by 1105830?
171
What is the remainder when 347366 is divided by 8462?
424
Calculate the remainder when 2093949 is divided by 54.
45
Calculate the remainder when 13128902 is divided by 74.
44
Calculate the remainder when 189909 is divided by 691.
575
What is the remainder when 318008 is divided by 2118?
308
Calculate the remainder when 3056741 is divided by 100.
41
Calculate the remainder when 21217524 is divided by 22.
20
Calculate the remainder when 9121034 is divided by 1324.
1322
What is the remainder when 6879372 is divided by 2056?
2052
What is the remainder when 27683935 is divided by 56?
55
What is the remainder when 28309825 is divided by 36766?
5
Calculate the remainder when 19368827 is divided by 114.
113
Calculate the remainder when 40592 is divided by 637.
461
What is the remainder when 1358964 is divided by 1358952?
12
Calculate the remainder when 23765571 is divided by 4868.
4863
Calculate the remainder when 189377 is divided by 23667.
41
What is the remainder when 6038398 is divided by 1207674?
28
What is the remainder when 70519486 is divided by 741?
739
What is the remainder when 24590 is divided by 7535?
1985
Calculate the remainder when 33216 is divided by 8264.
160
What is the remainder when 323438 is divided by 20214?
14
Calculate the remainder when 914469 is divided by 183.
18
Calculate the remainder when 1854534 is divided by 132464.
38
Calculate the remainder when 119902100 is divided by 36.
32
Calculate the remainder when 16942430 is divided by 104.
102
What is the remainder when 162239 is divided by 8586?
7691
What is the remainder when 1385647 is divided by 34?
11
Calculate the remainder when 3902197 is divided by 3902190.
7
What is the remainder when 2856420 is divided by 713782?
1292
What is the remainder when 2593764 is divided by 583?
580
What is the remainder when 111187853 is divided by 26?
23
What is the remainder when 474386 is divided by 67631?
969
What is the remainder when 347877 is divided by 173?
147
What is the remainder when 20431985 is divided by 80?
65
Calculate the remainder when 2839118 is divided by 979.
18
What is the remainder when 1993945 is divided by 110773?
31
Calculate the remainder when 709282 is divided by 682.
2
What is the remainder when 10424028 is divided by 197?
167
What is the remainder when 85202704 is divided by 32?
16
What is the remainder when 7797090 is divided by 180?
30
Calculate the remainder when 299320 is divided by 1290.
40
Calculate the remainder when 38053252 is divided by 1411.
1404
Calculate the remainder when 1350366 is divided by 130.
56
What is the remainder when 17730266 is divided by 5910068?
62
What is the remainder when 2781202 is divided by 278119?
12
Calculate the remainder when 2193667 is divided by 66470.
157
What is the remainder when 2202366 is divided by 734057?
195
What is the remainder when 192338 is divided by 475?
438
What is the remainder when 14796 is divided by 372?
288
What is the remainder when 1542880 is divided by 24107?
32
What is the remainder when 26583085 is divided by 54?
19
Calculate the remainder when 144836 is divided by 144748.
88
Calculate the remainder when 41773 is divided by 8343.
58
Calculate the remainder when 4426651 is divided by 553331.
3
Calculate the remainder when 1092023 is divided by 90997.
59
What is the remainder when 211273 is divided by 5559?
31
Calculate the remainder when 1176464 is divided by 1176463.
1
Calculate the remainder when 1468035 is divided by 38.
19
What is the remainder when 343641 is divided by 171789?
63
Calculate the remainder when 675634 is divided by 677.
665
What is the remainder when 1168012 is divided by 77866?
22
Calculate the remainder when 21128 is divided by 3509.
74
What is the remainder when 25105 is divided by 24963?
142
What is the remainder when 11277476 is divided by 3792?
68
What is the remainder when 179878 is divided by 1757?
664
What is the remainder when 204760 is divided by 1780?
60
Calculate the remainder when 232176 is divided by 9.
3
What is the remainder when 32014 is divided by 1384?
182
What is the remainder when 51517 is divided by 64?
61
What is the remainder when 972767 is divided by 754?
107
What is the remainder when 1185512 is divided by 179?
174
Calculate the remainder when 1248023 is divided by 12866.
21
Calculate the remainder when 277190 is divided by 823.
662
Calculate the remainder when 35217663 is divided by 81.
78
Calculate the remainder when 13624939 is divided by 33.
31
Calculate the remainder when 1444230 is divided by 2452.
2
Calculate the remainder when 4213115 is divided by 4365.
890
Calculate the remainder when 1864859 is divided by 7200.
59
What is the remainder when 22538950 is divided by 3219837?
91
Calculate the remainder when 557314961 is divided by 454.
451
What is the remainder when 505422 is divided by 77?
71
What is the remainder when 10575318 is divided by 38?
32
What is the remainder when 472352 is divided by 78722?
20
Calculate the remainder when 3927625 is divided by 215.
5
Calculate the remainder when 114036 is divided by 12546.
1122
What is the remainder when 40809162 is divided by 523?
518
What is the remainder when 27482 is divided by 1834?
1806
What is the remainder when 36912535 is divided by 837?
835
Calculate the remainder when 4261104 is divided by 284069.
69
Calculate the remainder when 2248960 is divided by 447.
103
Calculate the remainder when 492097 is divided by 190.
187
What is the remainder when 85388003 is divided by 42693999?
5
What is the remainder when 940932296 is divided by 4019?
4016
What is the remainder when 16970280 is divided by 102